{"id":730,"date":"2019-06-28T07:40:17","date_gmt":"2019-06-28T07:40:17","guid":{"rendered":"https:\/\/retinavs.com\/?page_id=730"},"modified":"2023-03-09T22:15:18","modified_gmt":"2023-03-09T22:15:18","slug":"contact","status":"publish","type":"page","link":"https:\/\/retinavs.com\/index.php\/contact\/","title":{"rendered":"Contact"},"content":{"rendered":"<div  class=\"tatsu-rkZlSF5waB tatsu-section  tatsu-bg-overlay   tatsu-clearfix\" data-title=\"\"  data-headerscheme=\"background--dark\"><div class='tatsu-section-pad clearfix' data-padding='{\"d\":\"90px 0px 90px 0px\"}' data-padding-top='90px'><div class=\"tatsu-row-wrap  tatsu-wrap tatsu-row-one-col tatsu-row-has-one-cols tatsu-medium-gutter tatsu-reg-cols  tatsu-clearfix tatsu-H1glSt5PpH\" ><div  class=\"tatsu-row \" ><div  class=\"tatsu-column  tatsu-bg-overlay tatsu-one-col tatsu-column-image-none tatsu-column-effect-none  tatsu-H1xStcwTr\"  data-parallax-speed=\"0\" style=\"\"><div class=\"tatsu-column-inner \" ><div class=\"tatsu-column-pad-wrap\"><div class=\"tatsu-column-pad\" ><div  class=\"tatsu-module tatsu-text-block-wrap tatsu-SyrrFqwTr  \"><div class=\"tatsu-text-inner tatsu-align-center  clearfix\" ><style>.tatsu-SyrrFqwTr.tatsu-text-block-wrap .tatsu-text-inner{width: 100%;text-align: left;}.tatsu-SyrrFqwTr.tatsu-text-block-wrap .tatsu-text-inner *{font-weight : 400;text-transform : none;font-size : 21px;line-height : 28px;letter-spacing : 1px;}<\/style>\n<div><strong>Retina Visual Stories<\/strong> is a strategic communications agency with a focus on current affairs, sustainability, social and environmental issues.\u00a0<\/div>\n<div>\u00a0<\/div>\n<div>Memorable images from our award winning photographers have repeatedly featured on the front pages of the New York Times, El Pais, The Guardian, The Times and the Washington Post.\u00a0<\/div>\n<div>\u00a0<\/div>\n<div>We produce photography, documentaries, films and video for multimedia outlets including BBC World and Euro News. We cover events, forums and summits including public relations, design, branding and social media.\u00a0<\/div>\n<div>\u00a0<\/div>\n<div>Retina Visual Stories is uniquely placed to tell your story.<\/div>\n<\/div><\/div><\/div><\/div><div class = \"tatsu-column-bg-image-wrap\"><div class = \"tatsu-column-bg-image\" ><\/div><\/div><div class=\"tatsu-overlay tatsu-column-overlay tatsu-animate-none\" ><\/div><\/div><style>.tatsu-row > .tatsu-H1xStcwTr.tatsu-column{width: 100%;}.tatsu-H1xStcwTr.tatsu-column > .tatsu-column-inner > .tatsu-column-overlay{mix-blend-mode: normal;}.tatsu-H1xStcwTr > .tatsu-column-inner > .tatsu-top-divider{z-index: 9999;}.tatsu-H1xStcwTr > .tatsu-column-inner > .tatsu-bottom-divider{z-index: 9999;}.tatsu-H1xStcwTr > .tatsu-column-inner > .tatsu-left-divider{z-index: 9999;}.tatsu-H1xStcwTr > .tatsu-column-inner > .tatsu-right-divider{z-index: 9999;}@media only screen and (max-width:1377px) {.tatsu-row > .tatsu-H1xStcwTr.tatsu-column{width: 100%;}}@media only screen and (min-width:768px) and (max-width: 1024px) {.tatsu-row > .tatsu-H1xStcwTr.tatsu-column{width: 100%;}}@media only screen and (max-width: 767px) {.tatsu-row > .tatsu-H1xStcwTr.tatsu-column{width: 100%;}}<\/style><\/div><\/div><\/div><\/div><div class=\"tatsu-section-background-wrap\"><div class = \"tatsu-section-background\" ><\/div><\/div><div class=\"tatsu-overlay tatsu-section-overlay\"><\/div><style>.tatsu-rkZlSF5waB .tatsu-section-pad{padding: 90px 0px 90px 0px;}.tatsu-rkZlSF5waB .tatsu-section-offset-wrap{transform: translateY(-0px);}.tatsu-rkZlSF5waB > .tatsu-bottom-divider{z-index: 9999;}.tatsu-rkZlSF5waB > .tatsu-top-divider{z-index: 9999;}.tatsu-rkZlSF5waB .tatsu-section-overlay{mix-blend-mode: normal;}<\/style><\/div><div  class=\"tatsu-rkWyINNSTS tatsu-section  tatsu-bg-overlay   tatsu-clearfix\" data-title=\"\"  data-headerscheme=\"background--dark\"><div class='tatsu-section-pad clearfix' data-padding='{\"d\":\"89px 0px 90px 0px\"}' data-padding-top='89px'><div class=\"tatsu-row-wrap  tatsu-wrap tatsu-row-has-three-cols tatsu-medium-gutter tatsu-reg-cols  tatsu-clearfix tatsu-SkeJUEVBaB\" ><div  class=\"tatsu-row \" ><div  class=\"tatsu-column  tatsu-bg-overlay tatsu-one-third tatsu-column-image-none tatsu-column-effect-none  tatsu-BkE8V4B6H\"  data-parallax-speed=\"0\" style=\"\"><div class=\"tatsu-column-inner \" ><div class=\"tatsu-column-pad-wrap\"><div class=\"tatsu-column-pad\" ><div  class=\"tatsu-single-image tatsu-module tatsu-image-lazyload tatsu-BJwD4Vr6B  \" ><div class=\"tatsu-single-image-inner \" style=\"width : 858px;\" ><div class = \"tatsu-single-image-padding-wrap\" style = \"padding-bottom : 100%;\" ><\/div><img class = \"tatsu-gradient-border\" alt = \"\" title = \"ELOY ALONSO 1\" data-src = \"https:\/\/retinavs.com\/wp-content\/uploads\/2019\/12\/ELOY-ALONSO-1.jpg\" src =\"data:image\/png;base64,iVBORw0KGgoAAAANSUhEUgAAAAEAAAABCAQAAAC1HAwCAAAAC0lEQVR42mNkYAAAAAYAAjCB0C8AAAAASUVORK5CYII=\"  \/><\/div><style>.tatsu-BJwD4Vr6B .tatsu-single-image-inner{border-style: solid;max-width: 100%;}.tatsu-BJwD4Vr6B.tatsu-single-image{transform: translate3d(0px,0px, 0);}<\/style><\/div><div  class=\"tatsu-module tatsu-text-block-wrap tatsu-B1tqNVrpB  \"><div class=\"tatsu-text-inner tatsu-align-center  clearfix\" ><style>.tatsu-B1tqNVrpB.tatsu-text-block-wrap .tatsu-text-inner{width: 100%;text-align: left;}<\/style>\n<p style=\"text-align: center;\"><strong>ELOY ALONSO<\/strong><\/p>\n<p>Renowned Reuters photographer Eloy\u00a0Alonso is triple winner of the Memorial Ram\u00f3n Gonz\u00e1lez prize. His photographs, documentaries and reportages have featured in major media outlets such as\u00a0La Vanguardia, The Washington Post, The New York Times, The Times, The Guardian, The Independent, Der Spiegel, Focus and Newsweek.\u00a0He was a finalist in the<em>\u00a0Luis Ksado prize,\u00a0<\/em>awarded Photographer Of The Year 2013 by\u00a0 <em>ANIGP-TV<\/em>\u00a0 and honoured by the\u00a0<em>Confederaci\u00f3n Espa\u00f1ola de Fotograf\u00eda (CEF)<\/em>\u00a0in 2018.<\/p>\n<\/div><\/div><\/div><\/div><div class = \"tatsu-column-bg-image-wrap\"><div class = \"tatsu-column-bg-image\" ><\/div><\/div><div class=\"tatsu-overlay tatsu-column-overlay tatsu-animate-none\" ><\/div><\/div><style>.tatsu-row > .tatsu-BkE8V4B6H.tatsu-column{width: 33.33%;}.tatsu-BkE8V4B6H.tatsu-column > .tatsu-column-inner > .tatsu-column-overlay{mix-blend-mode: normal;}.tatsu-BkE8V4B6H > .tatsu-column-inner > .tatsu-top-divider{z-index: 9999;}.tatsu-BkE8V4B6H > .tatsu-column-inner > .tatsu-bottom-divider{z-index: 9999;}.tatsu-BkE8V4B6H > .tatsu-column-inner > .tatsu-left-divider{z-index: 9999;}.tatsu-BkE8V4B6H > .tatsu-column-inner > .tatsu-right-divider{z-index: 9999;}@media only screen and (max-width:1377px) {.tatsu-row > .tatsu-BkE8V4B6H.tatsu-column{width: 33.33%;}}@media only screen and (min-width:768px) and (max-width: 1024px) {.tatsu-row > .tatsu-BkE8V4B6H.tatsu-column{width: 33.33%;}}@media only screen and (max-width: 767px) {.tatsu-row > .tatsu-BkE8V4B6H.tatsu-column{width: 100%;}}<\/style><\/div><div  class=\"tatsu-column  tatsu-bg-overlay tatsu-one-third tatsu-column-image-none tatsu-column-effect-none  tatsu-Syx4LNVSTS\"  data-parallax-speed=\"0\" style=\"\"><div class=\"tatsu-column-inner \" ><div class=\"tatsu-column-pad-wrap\"><div class=\"tatsu-column-pad\" ><div  class=\"tatsu-single-image tatsu-module tatsu-image-lazyload tatsu-rywfP4rpH  \" ><div class=\"tatsu-single-image-inner \" style=\"width : 1370px;\" ><div class = \"tatsu-single-image-padding-wrap\" style = \"padding-bottom : 100%;\" ><\/div><img class = \"tatsu-gradient-border\" alt = \"\" title = \"VINCENT WEST\" data-src = \"https:\/\/retinavs.com\/wp-content\/uploads\/2019\/12\/VINCENT-WEST.jpg\" src =\"data:image\/png;base64,iVBORw0KGgoAAAANSUhEUgAAAAEAAAABCAQAAAC1HAwCAAAAC0lEQVR42mNkYAAAAAYAAjCB0C8AAAAASUVORK5CYII=\"  \/><\/div><style>.tatsu-rywfP4rpH .tatsu-single-image-inner{border-style: solid;max-width: 100%;}.tatsu-rywfP4rpH.tatsu-single-image{transform: translate3d(0px,0px, 0);}<\/style><\/div><div  class=\"tatsu-module tatsu-text-block-wrap tatsu-ry2PDNHTr  \"><div class=\"tatsu-text-inner tatsu-align-center  clearfix\" ><style>.tatsu-ry2PDNHTr.tatsu-text-block-wrap .tatsu-text-inner{width: 100%;text-align: left;}<\/style>\n<div style=\"text-align: center;\"><strong>VINCENT WEST<\/strong><\/div>\n<div>\u00a0<\/div>\n<div>In 2019, Reuters photographer Vincent West was awarded one of the industry&#8217;s most prestigious prizes, the Ortega y Gasset best photography award created by El Pais newspaper.\u00a0<\/div>\n<div>Vincent&#8217;s photographs have featured repeatedly on\u00a0 front covers of the world&#8217;s major broadsheets including the New York Times, the Guardian, the Telegraph, El Mundo and El Pais. He was awarded Time Magazine&#8217;s photograph of the year and has created\u00a0\u00a0documentaries and short films covering social issues, the environment and current affairs for media outlets such as BBC world,<\/div>\n<\/div><\/div><\/div><\/div><div class = \"tatsu-column-bg-image-wrap\"><div class = \"tatsu-column-bg-image\" ><\/div><\/div><div class=\"tatsu-overlay tatsu-column-overlay tatsu-animate-none\" ><\/div><\/div><style>.tatsu-row > .tatsu-Syx4LNVSTS.tatsu-column{width: 33.33%;}.tatsu-Syx4LNVSTS.tatsu-column > .tatsu-column-inner > .tatsu-column-overlay{mix-blend-mode: normal;}.tatsu-Syx4LNVSTS > .tatsu-column-inner > .tatsu-top-divider{z-index: 9999;}.tatsu-Syx4LNVSTS > .tatsu-column-inner > .tatsu-bottom-divider{z-index: 9999;}.tatsu-Syx4LNVSTS > .tatsu-column-inner > .tatsu-left-divider{z-index: 9999;}.tatsu-Syx4LNVSTS > .tatsu-column-inner > .tatsu-right-divider{z-index: 9999;}@media only screen and (max-width:1377px) {.tatsu-row > .tatsu-Syx4LNVSTS.tatsu-column{width: 33.33%;}}@media only screen and (min-width:768px) and (max-width: 1024px) {.tatsu-row > .tatsu-Syx4LNVSTS.tatsu-column{width: 33.33%;}}@media only screen and (max-width: 767px) {.tatsu-row > .tatsu-Syx4LNVSTS.tatsu-column{width: 100%;}}<\/style><\/div><div  class=\"tatsu-column  tatsu-bg-overlay tatsu-one-third tatsu-column-image-none tatsu-column-effect-none  tatsu-rJbVIEErTr\"  data-parallax-speed=\"0\" style=\"\"><div class=\"tatsu-column-inner \" ><div class=\"tatsu-column-pad-wrap\"><div class=\"tatsu-column-pad\" ><div  class=\"tatsu-single-image tatsu-module tatsu-image-lazyload tatsu-ByKRhIU6B  \" ><div class=\"tatsu-single-image-inner \" style=\"width : 429px;\" ><div class = \"tatsu-single-image-padding-wrap\" style = \"padding-bottom : 100%;\" ><\/div><a class = \"mfp-image\" href = \"https:\/\/retinavs.com\/wp-content\/uploads\/2019\/12\/Pipa.jpg\" ><img class = \"tatsu-gradient-border\" alt = \"\" title = \"Pipa\" data-src = \"https:\/\/retinavs.com\/wp-content\/uploads\/2019\/12\/Pipa.jpg\" src =\"data:image\/png;base64,iVBORw0KGgoAAAANSUhEUgAAAAEAAAABCAQAAAC1HAwCAAAAC0lEQVR42mNkYAAAAAYAAjCB0C8AAAAASUVORK5CYII=\"  \/><\/a><\/div><style>.tatsu-ByKRhIU6B .tatsu-single-image-inner{border-style: solid;max-width: 100%;}.tatsu-ByKRhIU6B.tatsu-single-image{transform: translate3d(0px,0px, 0);}<\/style><\/div><div  class=\"tatsu-module tatsu-text-block-wrap tatsu-ryOJ68L6r  \"><div class=\"tatsu-text-inner tatsu-align-center  clearfix\" ><style>.tatsu-ryOJ68L6r.tatsu-text-block-wrap .tatsu-text-inner{width: 100%;text-align: left;}<\/style>\n<p style=\"text-align: center;\"><strong>PHILIPPA WEST<\/strong><\/p>\n<p>With extensive experience as editor, copywriter and operations support across the charity and educational sectors, \u00a0Philippa has collaborated extensively with Reuters photographer Vincent West on the cultural guide for global Spanish speakers: TodoLondres, in addition to listings editor, Time Out Mallorca.\u00a0 She has written articles for the Guardian and Time Out magazine, worked as copywriter in First Choice Travel\u2019s marketing department, Spain, and travel and fiction reviewer for\u00a0<a href=\"http:\/\/amazon.co.uk\/\">Amazon.co.uk<\/a>.<\/p>\n<\/div><\/div><\/div><\/div><div class = \"tatsu-column-bg-image-wrap\"><div class = \"tatsu-column-bg-image\" ><\/div><\/div><div class=\"tatsu-overlay tatsu-column-overlay tatsu-animate-none\" ><\/div><\/div><style>.tatsu-row > .tatsu-rJbVIEErTr.tatsu-column{width: 33.33%;}.tatsu-rJbVIEErTr.tatsu-column > .tatsu-column-inner > .tatsu-column-overlay{mix-blend-mode: normal;}.tatsu-rJbVIEErTr > .tatsu-column-inner > .tatsu-top-divider{z-index: 9999;}.tatsu-rJbVIEErTr > .tatsu-column-inner > .tatsu-bottom-divider{z-index: 9999;}.tatsu-rJbVIEErTr > .tatsu-column-inner > .tatsu-left-divider{z-index: 9999;}.tatsu-rJbVIEErTr > .tatsu-column-inner > .tatsu-right-divider{z-index: 9999;}@media only screen and (max-width:1377px) {.tatsu-row > .tatsu-rJbVIEErTr.tatsu-column{width: 33.33%;}}@media only screen and (min-width:768px) and (max-width: 1024px) {.tatsu-row > .tatsu-rJbVIEErTr.tatsu-column{width: 33.33%;}}@media only screen and (max-width: 767px) {.tatsu-row > .tatsu-rJbVIEErTr.tatsu-column{width: 100%;}}<\/style><\/div><\/div><\/div><\/div><div class=\"tatsu-section-background-wrap\"><div class = \"tatsu-section-background\" ><\/div><\/div><div class=\"tatsu-overlay tatsu-section-overlay\"><\/div><style>.tatsu-rkWyINNSTS .tatsu-section-pad{padding: 89px 0px 90px 0px;}.tatsu-rkWyINNSTS .tatsu-section-offset-wrap{transform: translateY(-0px);}.tatsu-rkWyINNSTS > .tatsu-bottom-divider{z-index: 9999;}.tatsu-rkWyINNSTS > .tatsu-top-divider{z-index: 9999;}.tatsu-rkWyINNSTS .tatsu-section-overlay{mix-blend-mode: normal;}<\/style><\/div><div  class=\"tatsu-BJb8cEHQgH tatsu-section  tatsu-bg-overlay   tatsu-clearfix\" data-title=\"\"  data-headerscheme=\"background--dark\"><div class='tatsu-section-pad clearfix' data-padding='{\"d\":\"90px 0px 90px 0px\"}' data-padding-top='90px'><div class=\"tatsu-row-wrap  tatsu-wrap tatsu-row-one-col tatsu-row-has-one-cols tatsu-medium-gutter tatsu-reg-cols  tatsu-clearfix tatsu-rkx8c4Hmer\" ><div  class=\"tatsu-row \" ><div  class=\"tatsu-column  tatsu-bg-overlay tatsu-one-col tatsu-column-image-none tatsu-column-effect-none  tatsu-r18c4rXgS\"  data-parallax-speed=\"0\" style=\"\"><div class=\"tatsu-column-inner \" ><div class=\"tatsu-column-pad-wrap\"><div class=\"tatsu-column-pad\" ><div  class=\"tatsu-module tatsu-text-block-wrap tatsu-B135Nr7lB  \"><div class=\"tatsu-text-inner tatsu-align-center  clearfix\" ><style>.tatsu-B135Nr7lB.tatsu-text-block-wrap .tatsu-text-inner{width: 100%;text-align: left;}<\/style>\n<h4>Contact <strong>Eloy Alonso<\/strong> at<\/h4>\n<h4>eloyalonsogonzalez@yahoo.es<\/h4>\n<h4>or telephone : 00 34 659 47 26 68<\/h4>\n<h4>Contact <strong>Vincent West<\/strong> at<\/h4>\n<h4>vpwwest@gmail.com or<\/h4>\n<h4>00 34 609 474 689<\/h4>\n<h4>Contact <strong>Philippa West<\/strong> Uk and Ireland agent at<\/h4>\n<h4>pwest1007@gmail.com or<\/h4>\n<h4>00 44 7510 894 540<\/h4>\n<\/div><\/div><\/div><\/div><div class = \"tatsu-column-bg-image-wrap\"><div class = \"tatsu-column-bg-image\" ><\/div><\/div><div class=\"tatsu-overlay tatsu-column-overlay tatsu-animate-none\" ><\/div><\/div><style>.tatsu-row > .tatsu-r18c4rXgS.tatsu-column{width: 100%;}.tatsu-r18c4rXgS.tatsu-column > .tatsu-column-inner > .tatsu-column-overlay{mix-blend-mode: normal;}.tatsu-r18c4rXgS > .tatsu-column-inner > .tatsu-top-divider{z-index: 9999;}.tatsu-r18c4rXgS > .tatsu-column-inner > .tatsu-bottom-divider{z-index: 9999;}.tatsu-r18c4rXgS > .tatsu-column-inner > .tatsu-left-divider{z-index: 9999;}.tatsu-r18c4rXgS > .tatsu-column-inner > .tatsu-right-divider{z-index: 9999;}@media only screen and (max-width:1377px) {.tatsu-row > .tatsu-r18c4rXgS.tatsu-column{width: 100%;}}@media only screen and (min-width:768px) and (max-width: 1024px) {.tatsu-row > .tatsu-r18c4rXgS.tatsu-column{width: 100%;}}@media only screen and (max-width: 767px) {.tatsu-row > .tatsu-r18c4rXgS.tatsu-column{width: 100%;}}<\/style><\/div><\/div><\/div><\/div><div class=\"tatsu-section-background-wrap\"><div class = \"tatsu-section-background\" ><\/div><\/div><div class=\"tatsu-overlay tatsu-section-overlay\"><\/div><style>.tatsu-BJb8cEHQgH .tatsu-section-pad{padding: 90px 0px 90px 0px;}.tatsu-BJb8cEHQgH .tatsu-section-offset-wrap{transform: translateY(-0px);}.tatsu-BJb8cEHQgH > .tatsu-bottom-divider{z-index: 9999;}.tatsu-BJb8cEHQgH > .tatsu-top-divider{z-index: 9999;}.tatsu-BJb8cEHQgH .tatsu-section-overlay{mix-blend-mode: normal;}<\/style><\/div><div  class=\"tatsu-SJbTPNHQgr tatsu-section  tatsu-bg-overlay   tatsu-clearfix\" data-title=\"\"  data-headerscheme=\"background--dark\"><div class='tatsu-section-pad clearfix' data-padding='{\"d\":\"90px 0px 90px 0px\"}' data-padding-top='90px'><div class=\"tatsu-row-wrap  tatsu-wrap tatsu-row-one-col tatsu-row-has-one-cols tatsu-medium-gutter tatsu-reg-cols  tatsu-clearfix tatsu-H1xTDEHQeS\" ><div  class=\"tatsu-row \" ><div  class=\"tatsu-column  tatsu-bg-overlay tatsu-one-col tatsu-column-image-none tatsu-column-effect-none  tatsu-SJpvNBXeB\"  data-parallax-speed=\"0\" style=\"\"><div class=\"tatsu-column-inner \" ><div class=\"tatsu-column-pad-wrap\"><div class=\"tatsu-column-pad\" ><div  class=\"tatsu-module tatsu-text-block-wrap tatsu-BJmuNB7gr  \"><div class=\"tatsu-text-inner tatsu-align-center  clearfix\" ><style>.tatsu-BJmuNB7gr.tatsu-text-block-wrap .tatsu-text-inner{width: 100%;text-align: left;}<\/style>\n<div class=\"wpcf7 no-js\" id=\"wpcf7-f6-o1\" lang=\"en-US\" dir=\"ltr\" data-wpcf7-id=\"6\">\n<div class=\"screen-reader-response\"><p role=\"status\" aria-live=\"polite\" aria-atomic=\"true\"><\/p> <ul><\/ul><\/div>\n<form action=\"\/index.php\/wp-json\/wp\/v2\/pages\/730#wpcf7-f6-o1\" method=\"post\" class=\"wpcf7-form init\" aria-label=\"Contact form\" novalidate=\"novalidate\" data-status=\"init\">\n<fieldset class=\"hidden-fields-container\"><input type=\"hidden\" name=\"_wpcf7\" value=\"6\" \/><input type=\"hidden\" name=\"_wpcf7_version\" value=\"6.1.5\" \/><input type=\"hidden\" name=\"_wpcf7_locale\" value=\"en_US\" \/><input type=\"hidden\" name=\"_wpcf7_unit_tag\" value=\"wpcf7-f6-o1\" \/><input type=\"hidden\" name=\"_wpcf7_container_post\" value=\"0\" \/><input type=\"hidden\" name=\"_wpcf7_posted_data_hash\" value=\"\" \/>\n<\/fieldset>\n<p><label> Your Name (required)<br \/>\n<span class=\"wpcf7-form-control-wrap\" data-name=\"your-name\"><input size=\"40\" maxlength=\"400\" class=\"wpcf7-form-control wpcf7-text wpcf7-validates-as-required\" aria-required=\"true\" aria-invalid=\"false\" value=\"\" type=\"text\" name=\"your-name\" \/><\/span> <\/label>\n<\/p>\n<p><label> Your Email (required)<br \/>\n<span class=\"wpcf7-form-control-wrap\" data-name=\"your-email\"><input size=\"40\" maxlength=\"400\" class=\"wpcf7-form-control wpcf7-email wpcf7-validates-as-required wpcf7-text wpcf7-validates-as-email\" aria-required=\"true\" aria-invalid=\"false\" value=\"\" type=\"email\" name=\"your-email\" \/><\/span> <\/label>\n<\/p>\n<p><label> Subject<br \/>\n<span class=\"wpcf7-form-control-wrap\" data-name=\"your-subject\"><input size=\"40\" maxlength=\"400\" class=\"wpcf7-form-control wpcf7-text\" aria-invalid=\"false\" value=\"\" type=\"text\" name=\"your-subject\" \/><\/span> <\/label>\n<\/p>\n<p><label> Your Message<br \/>\n<span class=\"wpcf7-form-control-wrap\" data-name=\"your-message\"><textarea cols=\"40\" rows=\"10\" maxlength=\"2000\" class=\"wpcf7-form-control wpcf7-textarea\" aria-invalid=\"false\" name=\"your-message\"><\/textarea><\/span> <\/label>\n<\/p>\n<p><input class=\"wpcf7-form-control wpcf7-submit has-spinner\" type=\"submit\" value=\"Send\" \/>\n<\/p><div class=\"wpcf7-response-output\" aria-hidden=\"true\"><\/div>\n<\/form>\n<\/div>\n<br \/>\n<\/div><\/div><\/div><\/div><div class = \"tatsu-column-bg-image-wrap\"><div class = \"tatsu-column-bg-image\" ><\/div><\/div><div class=\"tatsu-overlay tatsu-column-overlay tatsu-animate-none\" ><\/div><\/div><style>.tatsu-row > .tatsu-SJpvNBXeB.tatsu-column{width: 100%;}.tatsu-SJpvNBXeB.tatsu-column > .tatsu-column-inner > .tatsu-column-overlay{mix-blend-mode: normal;}.tatsu-SJpvNBXeB > .tatsu-column-inner > .tatsu-top-divider{z-index: 9999;}.tatsu-SJpvNBXeB > .tatsu-column-inner > .tatsu-bottom-divider{z-index: 9999;}.tatsu-SJpvNBXeB > .tatsu-column-inner > .tatsu-left-divider{z-index: 9999;}.tatsu-SJpvNBXeB > .tatsu-column-inner > .tatsu-right-divider{z-index: 9999;}@media only screen and (max-width:1377px) {.tatsu-row > .tatsu-SJpvNBXeB.tatsu-column{width: 100%;}}@media only screen and (min-width:768px) and (max-width: 1024px) {.tatsu-row > .tatsu-SJpvNBXeB.tatsu-column{width: 100%;}}@media only screen and (max-width: 767px) {.tatsu-row > .tatsu-SJpvNBXeB.tatsu-column{width: 100%;}}<\/style><\/div><\/div><\/div><\/div><div class=\"tatsu-section-background-wrap\"><div class = \"tatsu-section-background\" ><\/div><\/div><div class=\"tatsu-overlay tatsu-section-overlay\"><\/div><style>.tatsu-SJbTPNHQgr .tatsu-section-pad{padding: 90px 0px 90px 0px;}.tatsu-SJbTPNHQgr .tatsu-section-offset-wrap{transform: translateY(-0px);}.tatsu-SJbTPNHQgr > .tatsu-bottom-divider{z-index: 9999;}.tatsu-SJbTPNHQgr > .tatsu-top-divider{z-index: 9999;}.tatsu-SJbTPNHQgr .tatsu-section-overlay{mix-blend-mode: normal;}<\/style><\/div>\n","protected":false},"excerpt":{"rendered":"<p><a href=\"https:\/\/retinavs.com\/index.php\/contact\/\" class=\"more-link style1-button\">Read More<\/a><\/p>","protected":false},"author":1,"featured_media":0,"parent":0,"menu_order":0,"comment_status":"closed","ping_status":"closed","template":"","meta":{"_monsterinsights_skip_tracking":false,"_monsterinsights_sitenote_active":false,"_monsterinsights_sitenote_note":"","_monsterinsights_sitenote_category":0,"footnotes":""},"class_list":["post-730","page","type-page","status-publish","hentry"],"_links":{"self":[{"href":"https:\/\/retinavs.com\/index.php\/wp-json\/wp\/v2\/pages\/730","targetHints":{"allow":["GET"]}}],"collection":[{"href":"https:\/\/retinavs.com\/index.php\/wp-json\/wp\/v2\/pages"}],"about":[{"href":"https:\/\/retinavs.com\/index.php\/wp-json\/wp\/v2\/types\/page"}],"author":[{"embeddable":true,"href":"https:\/\/retinavs.com\/index.php\/wp-json\/wp\/v2\/users\/1"}],"replies":[{"embeddable":true,"href":"https:\/\/retinavs.com\/index.php\/wp-json\/wp\/v2\/comments?post=730"}],"version-history":[{"count":31,"href":"https:\/\/retinavs.com\/index.php\/wp-json\/wp\/v2\/pages\/730\/revisions"}],"predecessor-version":[{"id":4290,"href":"https:\/\/retinavs.com\/index.php\/wp-json\/wp\/v2\/pages\/730\/revisions\/4290"}],"wp:attachment":[{"href":"https:\/\/retinavs.com\/index.php\/wp-json\/wp\/v2\/media?parent=730"}],"curies":[{"name":"wp","href":"https:\/\/api.w.org\/{rel}","templated":true}]}}